{"id":1363,"date":"2023-01-25T15:12:59","date_gmt":"2023-01-25T14:12:59","guid":{"rendered":"https:\/\/emploistourismedurable.com\/?page_id=1363"},"modified":"2025-10-15T16:13:33","modified_gmt":"2025-10-15T14:13:33","slug":"donnees-personnelles-rgpd","status":"publish","type":"page","link":"https:\/\/emploistourismedurable.com\/index.php\/donnees-personnelles-rgpd\/","title":{"rendered":"RGPD"},"content":{"rendered":"<p>[et_pb_section fb_built=\u00a0\u00bb1&Prime; custom_padding_last_edited=\u00a0\u00bbon|tablet\u00a0\u00bb admin_label=\u00a0\u00bbHero Section\u00a0\u00bb _builder_version=\u00a0\u00bb4.18.0&Prime; use_background_color_gradient=\u00a0\u00bbon\u00a0\u00bb background_color_gradient_stops=\u00a0\u00bbrgba(255,255,255,0) 0%|#ffffff 100%\u00a0\u00bb background_color_gradient_overlays_image=\u00a0\u00bbon\u00a0\u00bb background_color_gradient_start=\u00a0\u00bbrgba(255,255,255,0)\u00a0\u00bb background_color_gradient_end=\u00a0\u00bb#ffffff\u00a0\u00bb background_image=\u00a0\u00bbhttps:\/\/emploistourismedurable.com\/wp-content\/uploads\/2022\/09\/pexels-giuliano-maderner-844528.jpeg\u00a0\u00bb custom_padding=\u00a0\u00bb100px|0px|100px|0px\u00a0\u00bb custom_padding_tablet=\u00a0\u00bb|||\u00a0\u00bb custom_padding_phone=\u00a0\u00bb|||\u00a0\u00bb global_colors_info=\u00a0\u00bb{}\u00a0\u00bb][et_pb_row _builder_version=\u00a0\u00bb4.16&Prime; custom_padding=\u00a0\u00bb|||\u00a0\u00bb animation_style=\u00a0\u00bbslide\u00a0\u00bb animation_direction=\u00a0\u00bbbottom\u00a0\u00bb animation_intensity_slide=\u00a0\u00bb10%\u00a0\u00bb global_colors_info=\u00a0\u00bb{}\u00a0\u00bb][et_pb_column type=\u00a0\u00bb4_4&Prime; _builder_version=\u00a0\u00bb4.16&Prime; custom_padding=\u00a0\u00bb|||\u00a0\u00bb global_colors_info=\u00a0\u00bb{}\u00a0\u00bb custom_padding__hover=\u00a0\u00bb|||\u00a0\u00bb][et_pb_text admin_label=\u00a0\u00bbTitle and subhead\u00a0\u00bb _builder_version=\u00a0\u00bb4.18.0&Prime; text_font=\u00a0\u00bbUbuntu||||||||\u00a0\u00bb text_font_size=\u00a0\u00bb16px\u00a0\u00bb text_line_height=\u00a0\u00bb1.8em\u00a0\u00bb header_font=\u00a0\u00bbMontserrat|700|||||||\u00a0\u00bb header_font_size=\u00a0\u00bb50px\u00a0\u00bb header_line_height=\u00a0\u00bb1.4em\u00a0\u00bb header_2_font=\u00a0\u00bb||||||||\u00a0\u00bb background_color=\u00a0\u00bbrgba(255,255,255,0.36)\u00a0\u00bb text_orientation=\u00a0\u00bbcenter\u00a0\u00bb max_width=\u00a0\u00bb600px\u00a0\u00bb module_alignment=\u00a0\u00bbcenter\u00a0\u00bb header_font_size_tablet=\u00a0\u00bb\u00a0\u00bb header_font_size_phone=\u00a0\u00bb40px\u00a0\u00bb header_font_size_last_edited=\u00a0\u00bbon|desktop\u00a0\u00bb locked=\u00a0\u00bboff\u00a0\u00bb global_colors_info=\u00a0\u00bb{}\u00a0\u00bb]<\/p>\n<h1>Donn\u00e9es personnelles et RGPD<\/h1>\n<p>[\/et_pb_text][\/et_pb_column][\/et_pb_row][\/et_pb_section][et_pb_section fb_built=\u00a0\u00bb1&Prime; _builder_version=\u00a0\u00bb4.18.0&Prime; _module_preset=\u00a0\u00bbdefault\u00a0\u00bb global_colors_info=\u00a0\u00bb{}\u00a0\u00bb][et_pb_row column_structure=\u00a0\u00bb2_5,3_5&Prime; _builder_version=\u00a0\u00bb4.18.0&Prime; _module_preset=\u00a0\u00bbdefault\u00a0\u00bb custom_padding=\u00a0\u00bb32px||||false|false\u00a0\u00bb global_colors_info=\u00a0\u00bb{}\u00a0\u00bb][et_pb_column type=\u00a0\u00bb2_5&Prime; _builder_version=\u00a0\u00bb4.18.0&Prime; _module_preset=\u00a0\u00bbdefault\u00a0\u00bb global_colors_info=\u00a0\u00bb{}\u00a0\u00bb][et_pb_image src=\u00a0\u00bbhttps:\/\/emploistourismedurable.com\/wp-content\/uploads\/2023\/10\/Logo-Geste-Quadri-Horizontal-1.png\u00a0\u00bb title_text=\u00a0\u00bbLogo Geste Quadri Horizontal\u00a0\u00bb _builder_version=\u00a0\u00bb4.27.4&Prime; _module_preset=\u00a0\u00bbdefault\u00a0\u00bb hover_enabled=\u00a0\u00bb0&Prime; global_colors_info=\u00a0\u00bb{}\u00a0\u00bb sticky_enabled=\u00a0\u00bb0&Prime;][\/et_pb_image][\/et_pb_column][et_pb_column type=\u00a0\u00bb3_5&Prime; _builder_version=\u00a0\u00bb4.18.0&Prime; _module_preset=\u00a0\u00bbdefault\u00a0\u00bb background_color=\u00a0\u00bbRGBA(255,255,255,0)\u00a0\u00bb global_colors_info=\u00a0\u00bb{}\u00a0\u00bb][et_pb_text _builder_version=\u00a0\u00bb4.18.0&Prime; _module_preset=\u00a0\u00bbdefault\u00a0\u00bb background_color=\u00a0\u00bbrgba(234,234,234,0.57)\u00a0\u00bb custom_margin=\u00a0\u00bb|||68px|false|false\u00a0\u00bb custom_padding=\u00a0\u00bb4px||26px|50px|false|false\u00a0\u00bb global_colors_info=\u00a0\u00bb{}\u00a0\u00bb]<\/p>\n<h1><strong><\/strong><\/h1>\n<h2><strong><\/strong><\/h2>\n<h2><strong>Collecte des donn\u00e9es par formulaire<\/strong><\/h2>\n<h1><strong><\/strong><\/h1>\n<p>Les donn\u00e9es personnelles recueillies dans le cadre des services propos\u00e9s sur emploistourismedurable.com sont trait\u00e9es dans le respect de la\u00a0Loi Informatique et Libert\u00e9s.<\/p>\n<p>Chaque formulaire ou t\u00e9l\u00e9service limite la collecte des donn\u00e9es personnelles au strict n\u00e9cessaire -principe de minimisation des donn\u00e9es-\u00a0et indique notamment :<\/p>\n<ul>\n<li>quels sont les objectifs du recueil de ces donn\u00e9es (finalit\u00e9s)<\/li>\n<li>si ces donn\u00e9es sont obligatoires ou facultatives pour la gestion de votre demande<\/li>\n<li>qui pourra en prendre connaissance (uniquement GESTE en principe, sauf pr\u00e9cision dans le formulaire lorsqu&rsquo;une transmission \u00e0 un tiers est n\u00e9cessaire \u00e0 la gestion de votre demande)<\/li>\n<li>vos droits Informatique et Libert\u00e9s .<\/li>\n<\/ul>\n<p>Pour toute information ou exercice de vos droits Informatique et Libert\u00e9s sur les traitements de donn\u00e9es personnelles g\u00e9r\u00e9s par le Groupement d&#8217;employeurs GESTE, vous pouvez contacter l&rsquo;administrateur du site, faisant office de d\u00e9l\u00e9gu\u00e9 \u00e0 la protection des donn\u00e9es (DPO) :\u00a0<a href=\"mailto:geste@emploistourismedurable.com\">geste@emploistourismedurable.com<\/a><span>\u00a0<\/span>\u200b\u00a0ou par courrier sign\u00e9, accompagn\u00e9 de la copie d\u2019un titre d\u2019identit\u00e9 \u00e0 l&rsquo;adresse suivante :<\/p>\n<p><strong>Lab RSE Innovation<br \/><\/strong><span>485 chemin de routelle<\/span><br \/><span>13420 Gemenos<\/span><br \/><span>T\u00e9l : +33 (0)6 42 33 92 26<\/span><\/p>\n<p>&nbsp;<\/p>\n<h3><strong><span style=\"color: #333333;\">A propos des cookies<\/span><\/strong><\/h3>\n<p><span>Qu&rsquo;est-ce qu&rsquo;un \u00ab\u00a0cookie\u00a0\u00bb ?<\/span><br \/>Un \u00ab\u00a0cookie\u00a0\u00bb est un fichier de taille limit\u00e9e, g\u00e9n\u00e9ralement constitu\u00e9 de lettres et de chiffres, envoy\u00e9 par le serveur internet au fichier cookie du navigateur situ\u00e9 sur le disque dur de votre ordinateur. Tout savoir sur les cookies\u00a0<a href=\"https:\/\/www.cnil.fr\/fr\/cookies-les-outils-pour-les-maitriser\" target=\"_blank\" rel=\"noopener\">sur la page d\u00e9di\u00e9e du site internet de la CNIL<\/a>\u00a0<a href=\"https:\/\/www.cnil.fr\/fr\/cookies-les-outils-pour-les-maitriser\" target=\"_blank\" rel=\"noopener\">\u00a0<\/a><\/p>\n<p><span>Les \u00a0cookies<\/span><span>\u00a0<\/span>d\u00e9pos\u00e9s via le site de GESTE sont des cookies de mesure d&rsquo;audience. En vue d\u2019adapter le site aux demandes de ses visiteurs, nous mesurons le nombre de visites, le nombre de pages vues ainsi que l&rsquo;activit\u00e9 des visiteurs sur le site et leur fr\u00e9quence de retour. Google Analytics et Google Tags Manager, les outils de statistiques utilis\u00e9s par GESTE.<\/p>\n<p>&nbsp;<\/p>\n<p>&nbsp;<\/p>\n<h4><strong>H\u00e9bergement<\/strong><\/h4>\n<p>Site h\u00e9berg\u00e9 par la soci\u00e9t\u00e9 OVH.<\/p>\n<p><strong>OVH<\/strong><br \/>2 rue Kellermann \u2013 59100 Roubaix \u2013 France<br \/>T\u00e9l. : +33 (0)9 72 10 10 07<br \/><a href=\"http:\/\/www.ovh.com\/\" target=\"_blank\" rel=\"noopener\">www.ovh.com<\/a><\/p>\n<p>[\/et_pb_text][\/et_pb_column][\/et_pb_row][\/et_pb_section][et_pb_section fb_built=\u00a0\u00bb1&Prime; admin_label=\u00a0\u00bbFeature &#8211; Image Right\u00a0\u00bb _builder_version=\u00a0\u00bb4.16&Prime; background_color=\u00a0\u00bb#f3f5f9&Prime; custom_margin=\u00a0\u00bb-76px|||||\u00a0\u00bb custom_padding=\u00a0\u00bb0px|0px|0px|0px||\u00a0\u00bb box_shadow_style=\u00a0\u00bbpreset7&Prime; box_shadow_horizontal=\u00a0\u00bb0px\u00a0\u00bb box_shadow_vertical=\u00a0\u00bb80px\u00a0\u00bb box_shadow_color=\u00a0\u00bb#ffffff\u00a0\u00bb global_colors_info=\u00a0\u00bb{}\u00a0\u00bb][\/et_pb_section]<\/p>\n","protected":false},"excerpt":{"rendered":"<p>Donn\u00e9es personnelles et RGPD Collecte des donn\u00e9es par formulaire Les donn\u00e9es personnelles recueillies dans le cadre des services propos\u00e9s sur emploistourismedurable.com sont trait\u00e9es dans le respect de la\u00a0Loi Informatique et Libert\u00e9s. Chaque formulaire ou t\u00e9l\u00e9service limite la collecte des donn\u00e9es personnelles au strict n\u00e9cessaire -principe de minimisation des donn\u00e9es-\u00a0et indique notamment : quels sont les [&hellip;]<\/p>\n","protected":false},"author":7,"featured_media":0,"parent":0,"menu_order":0,"comment_status":"closed","ping_status":"closed","template":"","meta":{"_et_pb_use_builder":"on","_et_pb_old_content":"","_et_gb_content_width":"","footnotes":""},"class_list":["post-1363","page","type-page","status-publish","hentry"],"_links":{"self":[{"href":"https:\/\/emploistourismedurable.com\/index.php\/wp-json\/wp\/v2\/pages\/1363","targetHints":{"allow":["GET"]}}],"collection":[{"href":"https:\/\/emploistourismedurable.com\/index.php\/wp-json\/wp\/v2\/pages"}],"about":[{"href":"https:\/\/emploistourismedurable.com\/index.php\/wp-json\/wp\/v2\/types\/page"}],"author":[{"embeddable":true,"href":"https:\/\/emploistourismedurable.com\/index.php\/wp-json\/wp\/v2\/users\/7"}],"replies":[{"embeddable":true,"href":"https:\/\/emploistourismedurable.com\/index.php\/wp-json\/wp\/v2\/comments?post=1363"}],"version-history":[{"count":8,"href":"https:\/\/emploistourismedurable.com\/index.php\/wp-json\/wp\/v2\/pages\/1363\/revisions"}],"predecessor-version":[{"id":1521,"href":"https:\/\/emploistourismedurable.com\/index.php\/wp-json\/wp\/v2\/pages\/1363\/revisions\/1521"}],"wp:attachment":[{"href":"https:\/\/emploistourismedurable.com\/index.php\/wp-json\/wp\/v2\/media?parent=1363"}],"curies":[{"name":"wp","href":"https:\/\/api.w.org\/{rel}","templated":true}]}}

<p>[et_pb_section fb_built= »1&Prime; custom_padding_last_edited= »on|tablet » admin_label= »Hero Section » _builder_version= »4.18.0&Prime; use_background_color_gradient= »on » background_color_gradient_stops= »rgba(255,255,255,0) 0%|#ffffff 100% » background_color_gradient_overlays_image= »on » background_color_gradient_start= »rgba(255,255,255,0) » background_color_gradient_end= »#ffffff » background_image= »https://emploistourismedurable.com/wp-content/uploads/2022/09/pexels-giuliano-maderner-844528.jpeg » custom_padding= »100px|0px|100px|0px » custom_padding_tablet= »||| » custom_padding_phone= »||| » global_colors_info= »{} »][et_pb_row _builder_version= »4.16&Prime; custom_padding= »||| » animation_style= »slide » animation_direction= »bottom » animation_intensity_slide= »10% » global_colors_info= »{} »][et_pb_column type= »4_4&Prime; _builder_version= »4.16&Prime; custom_padding= »||| » global_colors_info= »{} » custom_padding__hover= »||| »][et_pb_text admin_label= »Title and subhead » _builder_version= »4.18.0&Prime; text_font= »Ubuntu|||||||| » text_font_size= »16px » text_line_height= »1.8em » header_font= »Montserrat|700||||||| » header_font_size= »50px » header_line_height= »1.4em » header_2_font= »|||||||| » background_color= »rgba(255,255,255,0.36) » text_orientation= »center » max_width= »600px » module_alignment= »center » header_font_size_tablet= » » header_font_size_phone= »40px » header_font_size_last_edited= »on|desktop » locked= »off » global_colors_info= »{} »]</p>
<h1>Données personnelles et RGPD</h1>
<p>[/et_pb_text][/et_pb_column][/et_pb_row][/et_pb_section][et_pb_section fb_built= »1&Prime; _builder_version= »4.18.0&Prime; _module_preset= »default » global_colors_info= »{} »][et_pb_row column_structure= »2_5,3_5&Prime; _builder_version= »4.18.0&Prime; _module_preset= »default » custom_padding= »32px||||false|false » global_colors_info= »{} »][et_pb_column type= »2_5&Prime; _builder_version= »4.18.0&Prime; _module_preset= »default » global_colors_info= »{} »][et_pb_image src= »https://emploistourismedurable.com/wp-content/uploads/2023/10/Logo-Geste-Quadri-Horizontal-1.png » title_text= »Logo Geste Quadri Horizontal » _builder_version= »4.27.4&Prime; _module_preset= »default » hover_enabled= »0&Prime; global_colors_info= »{} » sticky_enabled= »0&Prime;][/et_pb_image][/et_pb_column][et_pb_column type= »3_5&Prime; _builder_version= »4.18.0&Prime; _module_preset= »default » background_color= »RGBA(255,255,255,0) » global_colors_info= »{} »][et_pb_text _builder_version= »4.18.0&Prime; _module_preset= »default » background_color= »rgba(234,234,234,0.57) » custom_margin= »|||68px|false|false » custom_padding= »4px||26px|50px|false|false » global_colors_info= »{} »]</p>
<h1><strong></strong></h1>
<h2><strong></strong></h2>
<h2><strong>Collecte des données par formulaire</strong></h2>
<h1><strong></strong></h1>
<p>Les données personnelles recueillies dans le cadre des services proposés sur emploistourismedurable.com sont traitées dans le respect de la Loi Informatique et Libertés.</p>
<p>Chaque formulaire ou téléservice limite la collecte des données personnelles au strict nécessaire -principe de minimisation des données- et indique notamment :</p>
<ul>
<li>quels sont les objectifs du recueil de ces données (finalités)</li>
<li>si ces données sont obligatoires ou facultatives pour la gestion de votre demande</li>
<li>qui pourra en prendre connaissance (uniquement GESTE en principe, sauf précision dans le formulaire lorsqu&rsquo;une transmission à un tiers est nécessaire à la gestion de votre demande)</li>
<li>vos droits Informatique et Libertés .</li>
</ul>
<p>Pour toute information ou exercice de vos droits Informatique et Libertés sur les traitements de données personnelles gérés par le Groupement d&#8217;employeurs GESTE, vous pouvez contacter l&rsquo;administrateur du site, faisant office de délégué à la protection des données (DPO) : <a href="mailto:geste@emploistourismedurable.com">geste@emploistourismedurable.com</a><span> </span>​ ou par courrier signé, accompagné de la copie d’un titre d’identité à l&rsquo;adresse suivante :</p>
<p><strong>Lab RSE Innovation<br /></strong><span>485 chemin de routelle</span><br /><span>13420 Gemenos</span><br /><span>Tél : +33 (0)6 42 33 92 26</span></p>
<p>&nbsp;</p>
<h3><strong><span style="color: #333333;">A propos des cookies</span></strong></h3>
<p><span>Qu&rsquo;est-ce qu&rsquo;un « cookie » ?</span><br />Un « cookie » est un fichier de taille limitée, généralement constitué de lettres et de chiffres, envoyé par le serveur internet au fichier cookie du navigateur situé sur le disque dur de votre ordinateur. Tout savoir sur les cookies <a href="https://www.cnil.fr/fr/cookies-les-outils-pour-les-maitriser" target="_blank" rel="noopener">sur la page dédiée du site internet de la CNIL</a> <a href="https://www.cnil.fr/fr/cookies-les-outils-pour-les-maitriser" target="_blank" rel="noopener"> </a></p>
<p><span>Les  cookies</span><span> </span>déposés via le site de GESTE sont des cookies de mesure d&rsquo;audience. En vue d’adapter le site aux demandes de ses visiteurs, nous mesurons le nombre de visites, le nombre de pages vues ainsi que l&rsquo;activité des visiteurs sur le site et leur fréquence de retour. Google Analytics et Google Tags Manager, les outils de statistiques utilisés par GESTE.</p>
<p>&nbsp;</p>
<p>&nbsp;</p>
<h4><strong>Hébergement</strong></h4>
<p>Site hébergé par la société OVH.</p>
<p><strong>OVH</strong><br />2 rue Kellermann – 59100 Roubaix – France<br />Tél. : +33 (0)9 72 10 10 07<br /><a href="http://www.ovh.com/" target="_blank" rel="noopener">www.ovh.com</a></p>
<p>[/et_pb_text][/et_pb_column][/et_pb_row][/et_pb_section][et_pb_section fb_built= »1&Prime; admin_label= »Feature &#8211; Image Right » _builder_version= »4.16&Prime; background_color= »#f3f5f9&Prime; custom_margin= »-76px||||| » custom_padding= »0px|0px|0px|0px|| » box_shadow_style= »preset7&Prime; box_shadow_horizontal= »0px » box_shadow_vertical= »80px » box_shadow_color= »#ffffff » global_colors_info= »{} »][/et_pb_section]</p>

<p>Données personnelles et RGPD Collecte des données par formulaire Les données personnelles recueillies dans le cadre des services proposés sur emploistourismedurable.com sont traitées dans le respect de la Loi Informatique et Libertés. Chaque formulaire ou téléservice limite la collecte des données personnelles au strict nécessaire -principe de minimisation des données- et indique notamment : quels sont les [&hellip;]</p>
